ose -4*p + b = -23. Let i = 36 + p. What are the prime factors of i?
2, 23
Let b = 337 - -709. Suppose -q = -2*x + b, -x - 3*q = -426 - 83. What are the prime factors of x?
521
Let l(r) be the first derivative of -r**3/3 + 33*r**2/2 - 27*r - 11640. Let m(h) = 18*h - 1. Let s be m(1). List the prime factors of l(s).
5, 7
Let x be 4/5*270/(-36). Let j(h) = -2*h**3 + 8*h**2 + 22*h + 79. List the prime factors of j(x).
23, 29
Let x(a) = -a**3 - 22*a**2 + 17*a - 319. What are the prime factors of x(-32)?
9377
Let a be 114/(-15) + (-2)/5. Let i(m) = m**3 + 7*m**2 - 9*m - 13. Let z be i(a). List the prime factors of ((-24)/z)/6*50.
2, 5
Suppose -2*s = -5*i + 836, 2*i + 4*s - s = 342. Suppose 9*c = -4 + 22. Suppose -5*l - c*v - i = -791, -123 = -l - 2*v. List the prime factors of l.
5
Let a = 65 - 57. Let k be (-4)/6*-1*(-6531)/(-14). Suppose -k - 169 = -a*v. What are the prime factors of v?
2, 3, 5
Let p = -3654 - -10350. List the prime factors of p.
2, 3, 31
Suppose -113988 = -9*i + 8*i - 5*i. What are the prime factors of i?
2, 7, 23, 59
Let j = 15525 - -3348. What are the prime factors of j?
3, 233
Suppose 0 = 26*c - 71449 - 156337. What are the prime factors of c?
8761
Suppose 46*i = 8*i + 532. Suppose -2895 + 19065 = i*d. What are the prime factors of d?
3, 5, 7, 11
Suppose 2*r + 3*f = 1711, 2*r + 2*r + f = 3417. Suppose 0 = 7*s - 4620 - r. List the prime factors of s.
2, 17, 23
Let t(x) = 2*x + 66. Let n be t(-32). Suppose 546 = l - n*b, 0*l + 1098 = 2*l + 2*b. What are the prime factors of l?
2, 137
Suppose 5*z + 8 + 17 = 0. Let s(j) = 3*j + 21. Let x be s(z). Suppose 2*r - 680 = -x*r. What are the prime factors of r?
5, 17
Suppose 5*m = -5*c - 5480 - 3895, 4*c - 3*m + 7507 = 0. Let k = 2695 + c. List the prime factors of k.
3, 7, 13
Let o(u) = -3*u + 2 + 25 + u. Let z(a) = a**3 + 47*a**2 - 46*a + 103. Let b be z(-48). List the prime factors of o(b).
13
Let v be 1/4*-2*-10. Let c(x) = -x**2 + 3*x + 3. Let i be c(v). List the prime factors of 2/i - (-914)/14.
5, 13
Let i = 74 - 47. Let s(p) = -28 - 11*p - 3*p + i*p + p. What are the prime factors of s(10)?
2, 7
Suppose -4*u - 5*n - 53 = 0, 4*u + 0 = 2*n - 46. Let a(p) = 3*p**2 + 29*p + 4. Let d be a(u). Suppose -27*v + 26*v = -d. List the prime factors of v.
2, 11
Let d = -7163 - -14090. List the prime factors of d.
3, 2309
Suppose -87825 = -4*w - o, 4*w + 3*o - 46254 = 41589. List the prime factors of w.
2, 3, 3659
Let x(z) = z**3 - 13*z - 2. Let w be x(4). Let g be (w/(-2))/((-4)/(-312)*-2). Suppose 2*h + 0*h = 10, -2*b + 5*h + g = 0. What are the prime factors of b?
2, 5, 11
Let k = 7858 - -20362. Suppose 9055 + k = 21*y. List the prime factors of y.
5, 71
Let y be ((-34)/3)/(30/315000). What are the prime factors of (-1)/3 + y/(-150) + -4?
3, 263
Let x(y) = 3*y - 8. Let p be x(2). Let c be -8 + 0 + (-2 - (p - 2)). Let d(k) = -k**3 - 3*k**2 + 2*k + 5. List the prime factors of d(c).
101
Let t = 111 - 66. Let f be -6 + 7 + (t - 1) + 1. Suppose -f + 54 = 2*j. What are the prime factors of j?
2
Suppose 3 = -r, -248*v + 249*v = 4*r + 5526. What are the prime factors of v?
2, 3, 919
Suppose 0 = 31*k - 444744 + 74338 - 503918. What are the prime factors of k?
2, 11, 641
Let m = 467 - 68. Let y = -210 + m. Let d = 319 - y. List the prime factors of d.
2, 5, 13
Let f = 154 + -150. Suppose 9*n = f*n + 2105. What are the prime factors of n?
421
Suppose 5*h + 3*z - 38273 = 0, 11*h - 8*h - 22959 = -z. List the prime factors of h.
7, 1093
Let q = 127438 + -60893. List the prime factors of q.
5, 13309
Suppose -478 - 894 = -4*z. Let j = z + 103. List the prime factors of j.
2, 223
Suppose -971*n = -942*n - 291682. What are the prime factors of n?
2, 47, 107
Let h(q) be the third derivative of 3*q**4/4 + 14*q**3/3 - 37*q**2. What are the prime factors of h(12)?
2, 61
Let c be 1*-4 - 32/(6/3). What are the prime factors of (-584)/c + 4/(-20)?
29
Let p be (2/(-3))/((-2)/30). Suppose -t - 1701 = -p*t. Suppose -3*m = -3 - t. What are the prime factors of m?
2
Let d = -137 - -149. Suppose -d = 7*u + 5*u. What are the prime factors of ((-29)/87)/(u/171)?
3, 19
Let r(m) = 27*m**2 - 38*m + 4. Let p = -342 + 346. What are the prime factors of r(p)?
2, 71
Let d(u) = 11*u**2 + 9*u + 13. Let g be d(-4). Let l be g - ((4 - 0) + -3)/(-1). Let b = l + -76. List the prime factors of b.
2, 3, 13
Let d(f) = -3*f**3 - 12*f**2 - 6*f + 37. Let y be d(-10). Suppose -7301 = -21*i + y. What are the prime factors of i?
2, 3, 73
Let a = 18 - 12. Suppose -a*v = -4*v + 424. Let j = -58 - v. List the prime factors of j.
2, 7, 11
Let k be (-1530)/(-425)*(-40)/(-2). Let c be (-4)/(-10) + 4/(-10). Suppose k*v - 75*v + 696 = c. What are the prime factors of v?
2, 29
Suppose 4*n - 3*n - 3859 = 3*o, 3*n - 6433 = 5*o. List the prime factors of -6 + 90/12 - o/4.
17, 19
Let v(y) = -196*y + 319. What are the prime factors of v(-7)?
19, 89
Let s = 30 + -137. Let w = s - -175. Suppose 5*b - b = w. What are the prime factors of b?
17
Let s(v) = v**3 - 19*v**2 - 18*v - 44. Let w be s(20). What are the prime factors of w + (1998/6 - (0 - -3))?
2, 163
Let n be 3090/14 + 44/154. List the prime factors of n - (5 + 1 + -3 + 0).
2, 109
Suppose -5*x = 4*f + 8 - 34, 12 = -4*x + 5*f. Suppose 7*r - 1022 = 5*r + x*a, a + 1537 = 3*r. What are the prime factors of r?
3, 19
Suppose 13*n = -2*n - 3015. Let p = n + 493. Let v = p - 46. List the prime factors of v.
2, 3, 41
Suppose 4*a - 2*j = 54720, 0 = -a - 26*j + 23*j + 13701. List the prime factors of a.
3, 4561
Suppose 4*u = -k - 239, u - 2*k + 171 = -2*u. Let n = 29 - u. Suppose -573 = -5*w - n. List the prime factors of w.
97
Let n = -1 - 3. Let k be ((1 - 2)*0)/n. Suppose k = 6*g - 270 + 54. List the prime factors of g.
2, 3
Let u(t) = -t**3 + 31*t**2 + t + 20. Let x be -2 + 3 + 1 - 56/(-2). What are the prime factors of u(x)?
2, 5, 19
Let y = 4 + -1. Suppose 83*w - 204 = 32*w. Suppose o - y*f + 0*f = 46, -w*o = -4*f - 192. What are the prime factors of o?
7
Let c = 66319 - 36364. What are the prime factors of c?
3, 5, 1997
Suppose -950 = -196*l + 39426. Suppose -b = b - 148. Suppose -b*o + 72*o = -l. What are the prime factors of o?
103
Let q = 456 - 442. Suppose 766 = -q*w + 5106. List the prime factors of w.
2, 5, 31
Let x be (-1 - 0)*(-3 - 2). List the prime factors of ((-79)/2)/(x + (-287)/56).
2, 79
Let h = -62 - -50. Let x be (h/15)/(3/(-15)). Suppose -4*k + 136 = -2*c - 730, 3*c - 871 = -x*k. List the prime factors of k.
7, 31
Suppose q + 7 = 0, 15182 + 15041 = u - 2*q. List the prime factors of u.
17, 1777
Let q be (-1 - -2)/(2/(-2214)). Let f = -625 - q. What are the prime factors of f?
2, 241
Let k(g) = 155*g**2 - 19*g. Let y(n) = -31*n**2 + 4*n. Let d(p) = -4*k(p) - 22*y(p). List the prime factors of d(-3).
2, 3, 11
Suppose 0 = 5*l + 6 - 1, -2*p + 4*l + 8 = 0. Suppose p*m + k = 794, 5*m - 8*k + 7*k - 1971 = 0. What are the prime factors of m?
5, 79
Let d(g) = -g**3 + 37*g**2 + 6*g + 756. List the prime factors of d(31).
2, 3, 13, 43
Suppose 0 = k + 2*f - 7*f - 5, 5*k = 3*f + 3. Suppose k = -2*l - 2*z, -4*l + 0*z - 5*z = 5. Suppose -l*s = -383 - 147. List the prime factors of s.
2, 53
Let l = -9531 + 13840. What are the prime factors of l?
31, 139
Let o = 68112 - 20394. What are the prime factors of o?
2, 3, 11, 241
Let o be (-3)/(45/(-73)) + (-4)/(-30). Let k(g) = g**2 - 21*g - 35. Let c(l) = l**2 - 11*l - 18. Let n(y) = 7*c(y) - 4*k(y). What are the prime factors of n(o)?
2, 31
Let h(b) = -b**3 - 14*b**2 - 4*b + 5. Suppose -2*r + 185 = 3*r. Let l = 23 - r. List the prime factors of h(l).
61
Let a(z) = z**3 + 38*z**2 + 36*z + 46. Let i(k) = k**3 + 38*k**2 + 37*k + 46. Let h(t) = 4*a(t) - 5*i(t). What are the prime factors of h(-37)?
2, 3, 17
Suppose -2*u + 24 + 8 = 4*m, 4*m = 4*u + 20. Let a(q) = m*q - 30*q + 34 - 45 - q**2. What are the prime factors of a(-7)?
101
Let j be 1 - 1 - (-2 + 4 + 531). Let y = -166 - j. What are the prime factors of y?
367
Let j = 4579 + -2712. What are the prime factors of j?
1867
Let u = 3 + 146. Let k = u + -8. List the prime factors of k.
3, 47
Let l(j) = 379*j**2 - 93*j + 413. List the prime factors of l(4).
3, 5, 11, 37
Let a = 41415 - 17231. List the prime factors of a.
2, 3023
Let l = 3616 + 16181. What are the prime factors of l?
3, 6599
Suppose 2*y + 81